 divided by 3/2 - 6/(-12).
1
Suppose -4*n - c = -140, 5*c + 52 = 2*n + c. What is the remainder when 135 is divided by n?
33
Let c(y) = -y**2 - 3*y + 15. Calculate the remainder when c(0) is divided by 3.
0
Let f(o) = -o**2 + 5*o. Let y be f(4). Suppose 0 = y*u - 4*r + r - 332, -r + 348 = 4*u. What is the remainder when u is divided by 22?
20
Let z = -102 - -142. Calculate the remainder when z is divided by 21.
19
Suppose 2*t - 25 = -v, 2*t + 0*t - 7 = 5*v. What is the remainder when 30 is divided by t?
8
Let s(i) = i**2 - 6*i + 8. Suppose -9*h + 6*h = -w + 34, 5*h = w - 38. Calculate the remainder when w is divided by s(7).
13
Let h(u) = -u**2 - 7*u + 2. Let v be h(-7). Suppose v*o - 4*p = p + 19, -4*p = 3*o - 63. Let g = 27 - o. Calculate the remainder when 29 is divided by g.
9
Suppose 0 = -n - 0*n + 4*t + 31, n + 5*t = -14. Let l be 3/(-12)*1*-4. Let x(i) = 41*i + 1. Calculate the remainder when x(l) is divided by n.
9
Let v be (-91)/(-21) + 1/(-3). Let a(o) = -o**3 + 4*o**2 + 2*o - 3. Calculate the remainder when 17 is divided by a(v).
2
Let l be 29*1 - (3 + -2). Suppose 3*m = -0*m. Suppose t - l = 4*r, r = t - m*r - 31. What is the remainder when t is divided by 11?
10
Let p = 10 - 3. Let x = 400 - 282. Calculate the remainder when 6/(-9) + x/6 is divided by p.
5
Suppose 0 = 4*q - 1 + 9, 0 = -5*s + 4*q + 623. Suppose s = 3*v - 0*v. What is the remainder when v is divided by 14?
13
Suppose 4*w - 31 = 4*l - 7, -2*l - 14 = -w. Calculate the remainder when 57 is divided by -20*3*2/l.
12
Suppose -3*i - 8 = -3*d - i, 0 = d - 3*i + 9. Calculate the remainder when ((32/12)/(-2))/((-4)/30) is divided by d.
4
Suppose -2*s = -0*s. Suppose u - 8 + 3 = s. What is the remainder when 8 is divided by u?
3
Suppose -3*h + 2*h + 3*q + 60 = 0, -3*h = -5*q - 180. Suppose -25 = -v + 2*o, 0 = 4*v + 2*o - 56 - 24. Calculate the remainder when h is divided by v.
18
Let g = -8 - -10. Let y = 12 + g. What is the remainder when 39 is divided by y?
11
Let n(p) = -p**3 + 2*p**2 + 4*p - 5. Let i be n(5). Let f = -10 - -6. Calculate the remainder when (0 - -1)/(f/i) is divided by 8.
7
Let u(r) = r + 11. Let f be u(-9). Suppose 0 = a + f*a - 78. Suppose -3*k + 3*x = -31 - a, x = 1. Calculate the remainder when k is divided by 7.
6
Let r(z) = 2*z - 13. What is the remainder when r(13) is divided by 8?
5
Suppose 2*v = 5*v - 96. What is the remainder when v is divided by 7?
4
Let q = 73 - 57. Calculate the remainder when q is divided by 9.
7
Let f(s) = s**2 - s + 12. What is the remainder when f(0) is divided by 5?
2
Let d = 28 + -80. Let v = 91 + d. Calculate the remainder when v is divided by 21.
18
Suppose 0 = 5*d + 54 - 274. Let v = 86 + -71. Calculate the remainder when d is divided by v.
14
Let z = -4 - -4. Suppose 2*i = 3*k + 12, -k = -z + 4. Suppose i = 4*w + w + 4*f - 26, 0 = 4*w + 2*f - 22. What is the remainder when 11 is divided by w?
5
Calculate the remainder when 37 is divided by (-712)/(-56) - (1 + 9/(-7)).
11
Let t = 17 - 11. Let g be 754/(-10) + t/15. Let z = g - -122. Calculate the remainder when z is divided by 16.
15
Let k = -2 + 4. Suppose -3*g - 73 = -5*d, -k*g + 10 = d + 2*g. What is the remainder when 53 is divided by d?
11
Suppose -3*m - 9 = -3. Let f be (-4 - -4)/((-3)/1). Calculate the remainder when 52 is divided by m + 5 + f + 15.
16
What is the remainder when -252*((-60)/63 - 4/(-14)) is divided by 34?
32
Suppose 2*r = -3*u + 8, 3*u + 4 = 4*r + 6. Suppose 0*o + 4*h = -u*o - 12, -5*h = -o + 29. What is the remainder when 10 is divided by o?
2
Let h = 12 + -5. What is the remainder when h is divided by 3?
1
Let c(t) = 2*t - 6. Let n(q) = q**2 - 9. Let g be n(0). Let w = -1 - g. What is the remainder when 18 is divided by c(w)?
8
What is the remainder when 19 is divided by 7 + (-16)/4 + 8?
8
What is the remainder when 9 is divided by (6/(-5))/(2/(-5))?
0
Let w = -45 + 54. Calculate the remainder when w is divided by 5.
4
Let v = -15 - -22. Let t(m) = -5*m + 7*m**2 - v + m**3 - m + m. What is the remainder when t(-7) is divided by 10?
8
Let x(f) = f + 15. What is the remainder when x(-13) is divided by 1?
0
Let b = -132 - -134. Calculate the remainder when 3 is divided by b.
1
Suppose -c + v + 72 = 0, -c + 3*c - 162 = -4*v. Calculate the remainder when c is divided by 19.
18
Let r be (3/2)/(3/(-6)). Let i(d) = -6*d + 4. Let p = -133 - -197. What is the remainder when p is divided by i(r)?
20
Let j = -71 + 106. What is the remainder when 102 is divided by j?
32
Suppose -5*j = x - 2, 5*j - 18 = 2*j + 5*x. Calculate the remainder when 61 is divided by 3/j - (-11 - 2).
13
Suppose 5*q + 4 - 449 = 0. Suppose 4*d - q = -3*i, d + 0*d + 4*i = 19. Let y(t) = t**2 - 8*t + 12. What is the remainder when d is divided by y(8)?
11
Let o(p) = -p + 13. Suppose -8*i = -3*i + 45. What is the remainder when o(i) is divided by 6?
4
Suppose 3*t - 11 - 13 = 0. Suppose -2*d + t = -4. Calculate the remainder when 8 is divided by (-5)/15 - (-20)/d.
2
Let o = 9 + 14. What is the remainder when 66 is divided by o?
20
Let a(m) = m**2 - 4*m - 19. Calculate the remainder when 51 is divided by a(8).
12
Let w(p) = -p**3 - 11*p**2 + 11*p - 6. Calculate the remainder when 34 is divided by w(-12).
4
Suppose 0 = 4*r + 6 - 22. Suppose 5*j = -1 + 21. Suppose j*l - 20 = -8. What is the remainder when r is divided by l?
1
Let f = 121 - 25. Calculate the remainder when f is divided by 7.
5
Let g(v) = 2*v**2 - 6*v + 3. Let n be 6/9*15/2. What is the remainder when g(n) is divided by 8?
7
Let z(u) = u**3 + 9*u**2 + 11*u + 7. What is the remainder when z(-7) is divided by 17?
11
Suppose k + 2*k + 3*d = 18, 3*k - 5*d = 50. Suppose 0 = 4*f + 4*u - u - 65, -u = -f + 18. Calculate the remainder when f is divided by k.
7
Suppose -353 - 685 = 3*j. Calculate the remainder when j/(-7) - (-36)/63 is divided by 17.
16
Let y(m) = 46*m**2 - 7*m - 9. Calculate the remainder when y(-2) is divided by 12.
9
Let p be -5*2*6/(-10). Suppose -3*u = -3, -2*b - 2*u = -p*b + 22. Suppose 3*q = b*q - 81. Calculate the remainder when q is divided by 14.
13
Suppose -4*m = -0*v + 2*v - 286, 0 = -3*m + 2*v + 232. Let p be m/(-9) + (-2)/(-9). What is the remainder when 11 is divided by (-50)/p + (-15)/(-20)?
4
What is the remainder when 54 is divided by (2/(-2))/((-4)/(-64)*-2)?
6
Suppose 5*w = -4*o - 8 - 3, 0 = 5*o - 5*w - 20. Let i be (3/(-12))/(o/(-12)). What is the remainder when -39*2*i/(-6) is divided by 14?
11
Let m = 56 - 39. Suppose -4*z = -3*f - 204, -f + 17 = -3*z + 165. Calculate the remainder when z is divided by m.
14
Suppose 4*t = -m + 6, -3*t + 1 + 6 = 2*m. Suppose v = m + 1. Suppose 6*q - 4*o - 21 = q, -15 = -v*q + 3*o. What is the remainder when 3 is divided by q?
0
Let k(u) = u**3 - 19*u**2 - 18*u - 7. What is the remainder when 194 is divided by k(20)?
29
Suppose -2*x = 9 - 3. Calculate the remainder when (8/16)/(315/156 - 2) is divided by (-26)/(-3) + x/(-9).
8
Let u be 8/28 - (-37)/(-7). Let m = 10 + u. Calculate the remainder when (-508)/(-20) - 2/m is divided by 13.
12
Let g(z) = z**3 + 4*z**2 - 2*z - 5. Suppose 5*v + 25 = 0, 4*b - 5*v - 45 = -b. Calculate the remainder when (-2)/b*70/(-5) is divided by g(-4).
1
Suppose 5*b - 20 = -0*b. What is the remainder when 28 is divided by (-2)/b + (-84)/(-8)?
8
Let u(w) = w**2 - 6*w + 13. What is the remainder when 15 is divided by u(6)?
2
Suppose -29 = -z - 0*z + 4*f, 2*f = -5*z + 189. What is the remainder when z is divided by 13?
11
Let v(l) be the third derivative of 1/15*l**5 + l**2 + 0 + 0*l**4 + 0*l - 1/120*l**6 + 1/2*l**3. Calculate the remainder when 4 is divided by v(4).
1
Let l(a) = -6*a + 4. Calculate the remainder when 46 is divided by l(-1).
6
Let t(x) = -x**3 + 8*x**2 - 3*x - 5. What is the remainder when t(7) is divided by -5*1*(-24)/15?
7
Let n = -20 - -61. Let k = 2 + 1. Suppose -s - 2 = u, 4*u - k*s + 14 - n = 0. Calculate the remainder when u is divided by 2.
1
Let l be ((-18)/(-15))/(1/5). Suppose -s + 75 = -l*s. Let c = s - -30. Calculate the remainder when c is divided by 8.
7
Suppose 5*d + c - 52 = 0, -d + 23 = -0*d - 4*c. Let r(y) = -2*y**3 - 2*y**2 + 3*y + 4. Calculate the remainder when r(-3) is divided by d.
9
Suppose -5*o = -2*f, 5*o = 3*f - 7*f + 60. Let d = 3 + 26. Calculate the remainder when d is divided by f.
9
Suppos